{"id":373,"date":"2016-06-01T14:55:36","date_gmt":"2016-06-01T12:55:36","guid":{"rendered":"http:\/\/mediaskuteczni.pl\/?page_id=373"},"modified":"2020-02-20T18:24:03","modified_gmt":"2020-02-20T17:24:03","slug":"o-nas","status":"publish","type":"page","link":"https:\/\/mediaskuteczni.pl\/index.php\/o-nas\/","title":{"rendered":"O NAS"},"content":{"rendered":"<p>[vc_row][vc_column]\n\t\t\t<!-- START O nas REVOLUTION SLIDER 6.1.1 --><p class=\"rs-p-wp-fix\"><\/p>\n\t\t\t<rs-module-wrap id=\"rev_slider_14_1_wrapper\" data-source=\"gallery\" style=\"background:#000000;padding:0;\">\n\t\t\t\t<rs-module id=\"rev_slider_14_1\" style=\"display:none;\" data-version=\"6.1.1\">\n\t\t\t\t\t<rs-slides>\n\t\t\t\t\t\t<rs-slide data-key=\"rs-35\" data-title=\"Wow Factor\" data-anim=\"ei:d;eo:d;s:1030;r:0;t:slidingoverlayvertical;sl:d;\">\n\t\t\t\t\t\t\t<img decoding=\"async\" src=\"\/\/mediaskuteczni.pl\/wp-content\/plugins\/revslider\/public\/assets\/assets\/dummy.png\" title=\"O NAS\" data-lazyload=\"\/\/mediaskuteczni.pl\/wp-content\/plugins\/revslider\/public\/assets\/assets\/transparent.png\" data-parallax=\"5\" class=\"rev-slidebg\" data-no-retina>\n\t\t\t\t\t\t\t<rs-bgvideo \n\t\t\t\t\t\t\t\tdata-video=\"w:100%;h:100%;nse:false;l:loop;ptimer:true;\"\n\t\t\t\t\t\t\t\tdata-mp4=\"\/\/test.mediaskuteczni.pl\/wp-content\/uploads\/2020\/02\/video-1581183597.mp4\"\n\t\t\t\t\t\t\t><\/rs-bgvideo>\n<!--\n\t\t\t\t\t\t\t--><rs-layer\n\t\t\t\t\t\t\t\tid=\"slider-14-slide-35-layer-13\" \n\t\t\t\t\t\t\t\tclass=\"rs-pxl-5\"\n\t\t\t\t\t\t\t\tdata-type=\"text\"\n\t\t\t\t\t\t\t\tdata-xy=\"x:c;y:b;yo:78px,64px,100px,93px;\"\n\t\t\t\t\t\t\t\tdata-text=\"w:normal;s:60,49,37,26;l:70,57,43,31;ls:10px,8px,6px,4px;fw:700;a:center;\"\n\t\t\t\t\t\t\t\tdata-dim=\"w:493px,407px,309px,226px;\"\n\t\t\t\t\t\t\t\tdata-rsp_o=\"off\"\n\t\t\t\t\t\t\t\tdata-rsp_bd=\"off\"\n\t\t\t\t\t\t\t\tdata-frame_0=\"x:0,0,0,0px;y:0,0,0,0px;o:1;\"\n\t\t\t\t\t\t\t\tdata-frame_0_chars=\"x:0,0,0,0px;y:100%;o:0;rZ:-35deg;\"\n\t\t\t\t\t\t\t\tdata-frame_0_mask=\"u:t;x:0,0,0,0px;y:0,0,0,0px;\"\n\t\t\t\t\t\t\t\tdata-frame_1=\"x:0,0,0,0px;y:0,0,0,0px;st:1010;sp:600;sR:1010;\"\n\t\t\t\t\t\t\t\tdata-frame_1_chars=\"e:Power4.easeInOut;d:10;x:0,0,0,0px;y:0,0,0,0px;rZ:0deg;\"\n\t\t\t\t\t\t\t\tdata-frame_1_mask=\"u:t;x:0,0,0,0px;y:0,0,0,0px;\"\n\t\t\t\t\t\t\t\tdata-frame_999=\"o:0;tp:600;e:nothing;st:w;sR:5790;\"\n\t\t\t\t\t\t\t\tstyle=\"z-index:5;background-color:rgba(0,0,0,0.65);font-family:Open Sans;\"\n\t\t\t\t\t\t\t>Poznaj nas<br\/> i zaufaj \n\t\t\t\t\t\t\t<\/rs-layer><!--\n-->\t\t\t\t\t\t<\/rs-slide>\n\t\t\t\t\t<\/rs-slides>\n\t\t\t\t\t<rs-static-layers><!--\n\t\t\t\t\t--><\/rs-static-layers>\n\t\t\t\t\t<rs-progress class=\"rs-bottom\" style=\"visibility: hidden !important;\"><\/rs-progress>\n\t\t\t\t<\/rs-module>\n\t\t\t\t<script type=\"text\/javascript\">\n\t\t\t\t\tsetREVStartSize({c: 'rev_slider_14_1',rl:[1240,1024,778,480],el:[768,668,960,720],gw:[1240,1024,778,480],gh:[768,668,960,720],layout:'fullscreen',offsetContainer:'',offset:'60px',mh:\"0\"});\n\t\t\t\t\tvar\trevapi14,\n\t\t\t\t\t\ttpj;\n\t\t\t\t\tjQuery(function() {\n\t\t\t\t\t\ttpj = jQuery;\n\t\t\t\t\t\tif(tpj(\"#rev_slider_14_1\").revolution == undefined){\n\t\t\t\t\t\t\trevslider_showDoubleJqueryError(\"#rev_slider_14_1\");\n\t\t\t\t\t\t}else{\n\t\t\t\t\t\t\trevapi14 = tpj(\"#rev_slider_14_1\").show().revolution({\n\t\t\t\t\t\t\t\tjsFileLocation:\"\/\/mediaskuteczni.pl\/wp-content\/plugins\/revslider\/public\/assets\/js\/\",\n\t\t\t\t\t\t\t\tsliderLayout:\"fullscreen\",\n\t\t\t\t\t\t\t\tvisibilityLevels:\"1240,1024,778,480\",\n\t\t\t\t\t\t\t\tgridwidth:\"1240,1024,778,480\",\n\t\t\t\t\t\t\t\tgridheight:\"768,668,960,720\",\n\t\t\t\t\t\t\t\tminHeight:\"\",\n\t\t\t\t\t\t\t\tlazyType:\"single\",\n\t\t\t\t\t\t\t\tspinner:\"spinner2\",\n\t\t\t\t\t\t\t\teditorheight:\"768,668,960,720\",\n\t\t\t\t\t\t\t\tresponsiveLevels:\"1240,1024,778,480\",\n\t\t\t\t\t\t\t\tfullScreenOffset:\"60px\",\n\t\t\t\t\t\t\t\tdisableProgressBar:\"on\",\n\t\t\t\t\t\t\t\tnavigation: {\n\t\t\t\t\t\t\t\t\tonHoverStop:false\n\t\t\t\t\t\t\t\t},\n\t\t\t\t\t\t\t\tparallax: {\n\t\t\t\t\t\t\t\t\tlevels:[50,10,8,15,20,30,35,40,0,50,47,48,49,50,51,55],\n\t\t\t\t\t\t\t\t\ttype:\"3D\",\n\t\t\t\t\t\t\t\t\torigo:\"slidercenter\",\n\t\t\t\t\t\t\t\t\tddd_overflow:\"hidden\",\n\t\t\t\t\t\t\t\t\tddd_z_correction:65\n\t\t\t\t\t\t\t\t},\n\t\t\t\t\t\t\t\tfallbacks: {\n\t\t\t\t\t\t\t\t\tallowHTML5AutoPlayOnAndroid:true\n\t\t\t\t\t\t\t\t},\n\t\t\t\t\t\t\t});\n\t\t\t\t\t\t}\n\t\t\t\t\t\t\n\t\t\t\t\t});\n\t\t\t\t<\/script>\n\t\t\t\t<script>\n\t\t\t\t\tvar htmlDivCss = ' #rev_slider_14_1_wrapper rs-loader.spinner2{ background-color: #FFFFFF !important; } '\n\t\t\t\t\tvar htmlDiv = document.getElementById('rs-plugin-settings-inline-css');\n\t\t\t\t\tif(htmlDiv) {\n\t\t\t\t\t\thtmlDiv.innerHTML = htmlDiv.innerHTML + htmlDivCss;\n\t\t\t\t\t}else{\n\t\t\t\t\t\tvar htmlDiv = document.createElement('div');\n\t\t\t\t\t\thtmlDiv.innerHTML = '<style>' + htmlDivCss + '<\/style>';\n\t\t\t\t\t\tdocument.getElementsByTagName('head')[0].appendChild(htmlDiv.childNodes[0]);\n\t\t\t\t\t}\n\t\t\t\t<\/script>\n\t\t\t<\/rs-module-wrap>\n\t\t\t<!-- END REVOLUTION SLIDER -->\n[\/vc_column][\/vc_row][vc_row bg_type=&#8221;bg_color&#8221; bg_override=&#8221;ex-full&#8221; bg_color_value=&#8221;#ffdf00&#8243;][vc_column]<div id=\"ultib3-84816911469f03fde01718\" class=\" ultb3-box ult-adjust-bottom-margin  \" style=\"background-color: #ffdf00;\"><div id=\"Info-banner-wrap9035\" class=\"ultb3-info ib3-info-center\" data-animation=\"\" data-animation-delay=\"03\"><div class=\"ultb3-title ult-responsive\"  data-ultimate-target='#Info-banner-wrap9035 .ultb3-title'  data-responsive-json-new='{\"font-size\":\"\",\"line-height\":\"\"}'  style=\"font-family:Dosis;font-weight:600;color:#000000;\">Kim jeste\u015bmy?<\/div><\/div><\/div><style>\r\n\t\t\t\t\t#ultib3-84816911469f03fde01718 {\r\n\t\t\t\t\t\tmin-height:50px;\r\n\t\t\t\t\t}\r\n\t\t\t\t\t#ultib3-84816911469f03fde01718 img.ultb3-img {\r\n\t\t\t\t\t\theight: px;\r\n\t\t\t\t\t}\r\n\t\t\t\t\t#ultib3-84816911469f03fde01718 .ultb3-btn {\r\n\t\t\t\t\t\tborder:2px solid #1e73be;border-radius:50px;color:#898989;\r\n\t\t\t\t\t}\r\n\t\t\t\t\t#ultib3-84816911469f03fde01718 .ultb3-btn:hover {\r\n\t\t\t\t\t\tbackground:#1e73be;color:#ffffff;\r\n\t\t\t\t\t}\r\n\t\t\t\t<\/style>[\/vc_column][\/vc_row][vc_row bg_type=&#8221;bg_color&#8221; bg_override=&#8221;ex-full&#8221; bg_color_value=&#8221;#ffdf00&#8243;][vc_column css=&#8221;.vc_custom_1581180381189{background-color: #ffdf00 !important;}&#8221;]<div id=\"highlight-box-wrap-6070\"  data-ultimate-target='#highlight-box-wrap-6070'  data-responsive-json-new='{\"font-size\":\"desktop:22px;\",\"line-height\":\"\"}'  class=\"ultimate-call-to-action ult-adjust-bottom-margin  ctaction-text-center ult-responsive\" style=\"font-family:Dosis;font-weight:500;color:#000000;background:ffdf00;padding-top:20px;padding-bottom:20px;\"  data-background=\"ffdf00\"  data-background-hover=\"#ffdf00\"  data-override=\"0\" ><div class=\"uvc-ctaction-data uvc-ctaction-data-no-effect ult-responsive\"><\/p>\n<p style=\"text-align: center;\">Jeste\u015bmy istniej\u0105c\u0105 od 6 lat<strong>\u00a0agencj\u0105 marketingow\u0105<\/strong><strong>. <\/strong><\/p>\n<p style=\"text-align: left;\">Stawiamy na <strong>partnerskie relacje z klientami<\/strong>, z kt\u00f3rymi wsp\u00f3\u0142pracujemy wpieraj\u0105c ich w ka\u017cdym, r\u00f3wnie\u017c poza marketingowym obszarze. Wzajemne <strong>zaufanie, etyka i transparentno\u015b\u0107<\/strong>\u00a0ma dla nas ogromne znaczenie.<\/p>\n<p style=\"text-align: left;\">Opr\u00f3cz stworzenia samej kampanii, koncentrujemy si\u0119 na finalnym celu jaki chce uzyska\u0107 klient.<\/p>\n<p style=\"text-align: left;\">S\u0142uchamy, doradzamy i zawsze wsp\u00f3lnie ustalamy plan dzia\u0142a\u0144.<\/p>\n<p style=\"text-align: center;\">Je\u015bli trafi\u0142e\u015b do nas ale jeszcze nie wiesz czy jeste\u015b gotowy na podj\u0119cie wsp\u00f3\u0142pracy, skontaktuj si\u0119 z nami i zapytaj, co mo\u017cemy dla Ciebie zrobi\u0107.<\/p>\n<p><\/div><\/div>[\/vc_column][\/vc_row]<\/p>\n","protected":false},"excerpt":{"rendered":"<p>[vc_row][vc_column][\/vc_column][\/vc_row][vc_row bg_type=&#8221;bg_color&#8221; bg_override=&#8221;ex-full&#8221; bg_color_value=&#8221;#ffdf00&#8243;][vc_column][\/vc_column][\/vc_row][vc_row bg_type=&#8221;bg_color&#8221; bg_override=&#8221;ex-full&#8221; bg_color_value=&#8221;#ffdf00&#8243;][vc_column css=&#8221;.vc_custom_1581180381189{background-color: #ffdf00 !important;}&#8221;][\/vc_column][\/vc_row]<\/p>\n","protected":false},"author":1,"featured_media":0,"parent":0,"menu_order":5,"comment_status":"closed","ping_status":"closed","template":"","meta":{"om_disable_all_campaigns":false,"_monsterinsights_skip_tracking":false,"_monsterinsights_sitenote_active":false,"_monsterinsights_sitenote_note":"","_monsterinsights_sitenote_category":0,"footnotes":""},"class_list":["post-373","page","type-page","status-publish","hentry"],"aioseo_notices":[],"_links":{"self":[{"href":"https:\/\/mediaskuteczni.pl\/index.php\/wp-json\/wp\/v2\/pages\/373","targetHints":{"allow":["GET"]}}],"collection":[{"href":"https:\/\/mediaskuteczni.pl\/index.php\/wp-json\/wp\/v2\/pages"}],"about":[{"href":"https:\/\/mediaskuteczni.pl\/index.php\/wp-json\/wp\/v2\/types\/page"}],"author":[{"embeddable":true,"href":"https:\/\/mediaskuteczni.pl\/index.php\/wp-json\/wp\/v2\/users\/1"}],"replies":[{"embeddable":true,"href":"https:\/\/mediaskuteczni.pl\/index.php\/wp-json\/wp\/v2\/comments?post=373"}],"version-history":[{"count":12,"href":"https:\/\/mediaskuteczni.pl\/index.php\/wp-json\/wp\/v2\/pages\/373\/revisions"}],"predecessor-version":[{"id":11520,"href":"https:\/\/mediaskuteczni.pl\/index.php\/wp-json\/wp\/v2\/pages\/373\/revisions\/11520"}],"wp:attachment":[{"href":"https:\/\/mediaskuteczni.pl\/index.php\/wp-json\/wp\/v2\/media?parent=373"}],"curies":[{"name":"wp","href":"https:\/\/api.w.org\/{rel}","templated":true}]}}